{"id":18,"date":"2021-08-03T14:24:11","date_gmt":"2021-08-03T12:24:11","guid":{"rendered":"https:\/\/www.skody-nabytok.sk\/_new\/?page_id=18"},"modified":"2022-12-19T19:58:11","modified_gmt":"2022-12-19T18:58:11","slug":"home","status":"publish","type":"page","link":"https:\/\/www.skody-nabytok.sk\/","title":{"rendered":"Home"},"content":{"rendered":"<ul>\n<li>\n<p>        <img decoding=\"async\" src=\"\/wp-content\/uploads\/2022\/12\/Q3A4013.jpg\" alt=\"\"><\/p>\n<\/li>\n<li>\n<p>        <img decoding=\"async\" src=\"\/wp-content\/uploads\/2022\/12\/Q3A3989-1.jpg\" alt=\"\"><\/p>\n<\/li>\n<li>\n<p>        <img decoding=\"async\" src=\"\/wp-content\/uploads\/2022\/12\/Q3A4003-2.jpg\" alt=\"\"><\/p>\n<\/li>\n<li>\n<p>        <img decoding=\"async\" src=\"\/wp-content\/uploads\/2022\/12\/Q3A4091.jpg\" alt=\"\"><\/p>\n<\/li>\n<li>\n<p>        <img decoding=\"async\" src=\"\/wp-content\/uploads\/2022\/12\/Q3A4362.jpg\" alt=\"\"><\/p>\n<\/li>\n<li>\n<p>        <img decoding=\"async\" src=\"\/wp-content\/uploads\/2022\/12\/Q3A4385-1.jpg\" alt=\"\"><\/p>\n<\/li>\n<li>\n<p>        <img decoding=\"async\" src=\"\/wp-content\/uploads\/2022\/12\/Q3A4316-1.jpg\" alt=\"\"><\/p>\n<\/li>\n<li>\n<p>        <img decoding=\"async\" src=\"\/wp-content\/uploads\/2021\/08\/hero_Q3A1383.jpg\" alt=\"\"><\/p>\n<\/li>\n<li>\n<p>        <img decoding=\"async\" src=\"\/wp-content\/uploads\/2021\/08\/hero_Q3A1400.jpg\" alt=\"\"><\/p>\n<\/li>\n<li>\n<p>        <img decoding=\"async\" src=\"\/wp-content\/uploads\/2021\/08\/hero_Q3A1469.jpg\" alt=\"\"><\/p>\n<\/li>\n<li>\n<p>        <img decoding=\"async\" src=\"\/wp-content\/uploads\/2021\/08\/hero_Q3A1563.jpg\" alt=\"\"><\/p>\n<\/li>\n<li>\n<p>        <img decoding=\"async\" src=\"\/wp-content\/uploads\/2021\/08\/hero_Q3A1639.jpg\" alt=\"\"><\/p>\n<\/li>\n<li>\n<p>        <img decoding=\"async\" src=\"\/wp-content\/uploads\/2021\/08\/hero_Q3A1690.jpg\" alt=\"\"><\/p>\n<\/li>\n<\/ul>\n<ul>\n<li>\n<p>        <img decoding=\"async\" src=\"\/wp-content\/uploads\/2021\/08\/kitchen.svg\" alt=\"\"><\/p>\n<div>Kuchyne na mieru<\/div>\n<\/li>\n<li>\n<p>        <img decoding=\"async\" src=\"\/wp-content\/uploads\/2021\/08\/wardrobe.svg\" alt=\"\"><\/p>\n<div>Vstavan\u00e9 skrine<\/div>\n<\/li>\n<li>\n<p>        <img decoding=\"async\" src=\"\/wp-content\/uploads\/2021\/08\/tv-table.svg\" alt=\"\"><\/p>\n<div>Interi\u00e9rov\u00fd n\u00e1bytok<\/div>\n<\/li>\n<li>\n<p>        <img decoding=\"async\" src=\"\/wp-content\/uploads\/2021\/08\/sink.svg\" alt=\"\"><\/p>\n<div>K\u00fape\u013e\u0148ov\u00fd n\u00e1bytok<\/div>\n<\/li>\n<li>\n<p>        <img decoding=\"async\" src=\"\/wp-content\/uploads\/2021\/08\/bar.svg\" alt=\"\"><\/p>\n<div>Nebytov\u00e9 interi\u00e9ry<\/div>\n<\/li>\n<li>\n<p>        <img decoding=\"async\" src=\"\/wp-content\/uploads\/2021\/08\/slovakia.svg\" alt=\"\"><\/p>\n<div>Slovensk\u00fd v\u00fdrobok<\/div>\n<\/li>\n<\/ul>\n<p>\n    <a href=\"\/index.php\/nasa-praca\/\">Pozrite si na\u0161u pr\u00e1cu<\/a>\n<\/p>\n<h1>V\u00fdroba kuch\u00fd\u0148<br \/>a n\u00e1bytku na mieru<\/h1>\n<div>\n<p>Na\u0161e z\u00e1kazkov\u00e9 stol\u00e1rstvo vyr\u00e1ba n\u00e1bytky na mieru do dom\u00e1cnosti aj do komer\u010dn\u00fdch priestorov pod\u013ea va\u0161ich predst\u00e1v, n\u00e1\u0161ho n\u00e1vrhu, alebo pod\u013ea n\u00e1vrhov v\u00e1\u0161ho interi\u00e9rov\u00e9ho dizajn\u00e9ra. V\u00fdroba n\u00e1bytku prebieha v na\u0161ej vlastnej stol\u00e1rskej dielni v Ko\u0161iciach a tak m\u00e1me pln\u00fa kontrolu nad kvalitou v\u00fdroby a spo\u013eahliv\u00fdmi dod\u00e1vkami. Samozrejmos\u0165ou je dovoz n\u00e1bytku k V\u00e1m a n\u00e1sledn\u00e1 mont\u00e1\u017e.<\/p>\n<\/div>\n<p>\n    <a href=\"\/index.php\/sluzby\/\">Na\u0161e slu\u017eby<\/a>\n<\/p>\n<h1>Objednajte sa<br \/>\nna konzult\u00e1ciu<\/h1>\n<div>\n<p>+421 905 181 383<\/p>\n<p>skodysro@gmail.com<\/p>\n<p>Alebo n\u00e1m nap\u00ed\u0161te do \u201e\u010detu\u201c<\/p>\n<\/div>\n<ul>\n<li>\n<p>        <img decoding=\"async\" src=\"\/wp-content\/uploads\/2021\/08\/skonzultujeme.svg\" alt=\"\"><\/p>\n<div>1. Skonzultujeme<\/div>\n<\/li>\n<li>\n<p>        <img decoding=\"async\" src=\"\/wp-content\/uploads\/2021\/08\/nacenime.svg\" alt=\"\"><\/p>\n<div>2. Nacen\u00edme<\/div>\n<\/li>\n<li>\n<p>        <img decoding=\"async\" src=\"\/wp-content\/uploads\/2021\/08\/zamerame.svg\" alt=\"\"><\/p>\n<div>3. Zamer\u00e1me<\/div>\n<\/li>\n<li>\n<p>        <img decoding=\"async\" src=\"\/wp-content\/uploads\/2021\/08\/navrhneme.svg\" alt=\"\"><\/p>\n<div>4. Navrhneme<\/div>\n<\/li>\n<li>\n<p>        <img decoding=\"async\" src=\"\/wp-content\/uploads\/2021\/08\/vyrobime.svg\" alt=\"\"><\/p>\n<div>5. Vyrob\u00edme<\/div>\n<\/li>\n<li>\n<p>        <img decoding=\"async\" src=\"\/wp-content\/uploads\/2021\/08\/dovezieme.svg\" alt=\"\"><\/p>\n<div>6. Dovezieme<\/div>\n<\/li>\n<li>\n<p>        <img decoding=\"async\" src=\"\/wp-content\/uploads\/2021\/08\/namontujeme.svg\" alt=\"\"><\/p>\n<div>7. Namontujeme<\/div>\n<\/li>\n<li>\n<p>        <img decoding=\"async\" src=\"\/wp-content\/uploads\/2021\/08\/servisujeme.svg\" alt=\"\"><\/p>\n<div>8. Zoservisujeme<\/div>\n<\/li>\n<\/ul>\n<p>\n    <a href=\"\/wp-content\/uploads\/2021\/08\/info-k-montazi-nabytku.pdf\">Inform\u00e1cia k mont\u00e1\u017ei n\u00e1bytku<\/a>\n<\/p>\n<ul>\n<li>\n<p>        <img decoding=\"async\" src=\"\/wp-content\/uploads\/2021\/08\/Q3A1810.jpg\" alt=\"\"><\/p>\n<\/li>\n<li>\n<p>        <img decoding=\"async\" src=\"\/wp-content\/uploads\/2021\/08\/Q3A1825.jpg\" alt=\"\"><\/p>\n<\/li>\n<li>\n<p>        <img decoding=\"async\" src=\"\/wp-content\/uploads\/2021\/08\/Q3A1817.jpg\" alt=\"\"><\/p>\n<\/li>\n<li>\n<p>        <img decoding=\"async\" src=\"\/wp-content\/uploads\/2021\/08\/Q3A1841.jpg\" alt=\"\"><\/p>\n<\/li>\n<li>\n<p>        <img decoding=\"async\" src=\"\/wp-content\/uploads\/2021\/08\/Q3A1842.jpg\" alt=\"\"><\/p>\n<\/li>\n<li>\n<p>        <img decoding=\"async\" src=\"\/wp-content\/uploads\/2021\/08\/Q3A1843.jpg\" alt=\"\"><\/p>\n<\/li>\n<\/ul>\n<h2>Rodinn\u00e1 trad\u00edcia<\/h2>\n<div>\n<p>\u201eSme rodinn\u00e1 firma, ktor\u00e1 sa zaober\u00e1 v\u00fdrobou n\u00e1bytku na mieru od roku 1990. Odvtedy sme zariadili stovky interi\u00e9rov. Na\u0161\u00edm poslan\u00edm je vyr\u00e1ba\u0165 n\u00e1bytok, ktor\u00fd sp\u013a\u0148a estetick\u00e9 aj ergonomick\u00e9 po\u017eiadavky v kombin\u00e1ci\u00ed s priestorov\u00fdmi a taktie\u017e finan\u010dn\u00fdmi mo\u017enos\u0165ami z\u00e1kazn\u00edka. Radi V\u00e1m pom\u00f4\u017eeme navrhn\u00fa\u0165 a vyrobi\u0165 zariadenie do bytu, domu, kancel\u00e1rie, prev\u00e1dzky. V\u00fdrobu realizujeme vo vlastnej stol\u00e1rskej dielni v Ko\u0161iciach na modernom strojovom vybaven\u00ed.\u201c<\/p>\n<\/div>\n<p><img decoding=\"async\" src=\"\/wp-content\/uploads\/2021\/08\/peterskody.png\" alt=\"\"><\/p>\n<div>\n<p><strong>Peter \u0160kody \u2014 zakladate\u013e<\/strong><\/p>\n<\/div>\n<p><!--more--><br \/>\n<!-- {\"type\":\"layout\",\"children\":[{\"type\":\"section\",\"props\":{\"style\":\"default\",\"width\":\"\",\"vertical_align\":\"middle\",\"title_position\":\"top-left\",\"title_rotation\":\"left\",\"title_breakpoint\":\"xl\",\"image_position\":\"center-center\",\"padding\":\"none\"},\"children\":[{\"type\":\"row\",\"props\":{\"margin_remove_top\":false,\"margin_remove_bottom\":false,\"match\":false},\"children\":[{\"type\":\"column\",\"props\":{\"image_position\":\"center-center\",\"media_overlay_gradient\":\"\",\"position_sticky_breakpoint\":\"m\"},\"children\":[{\"type\":\"slideshow\",\"props\":{\"show_title\":false,\"show_meta\":false,\"show_content\":false,\"show_link\":true,\"show_thumbnail\":true,\"slideshow_min_height\":\"350\",\"slideshow_autoplay_pause\":false,\"nav\":\"dotnav\",\"nav_position\":\"bottom-center\",\"nav_position_margin\":\"medium\",\"nav_align\":\"center\",\"nav_breakpoint\":\"s\",\"thumbnav_width\":\"100\",\"thumbnav_height\":\"75\",\"thumbnav_svg_color\":\"emphasis\",\"slidenav\":\"default\",\"slidenav_margin\":\"medium\",\"slidenav_breakpoint\":\"s\",\"slidenav_outside_breakpoint\":\"xl\",\"overlay_position\":\"bottom-center\",\"overlay_animation\":\"parallax\",\"title_element\":\"h3\",\"meta_style\":\"meta\",\"meta_align\":\"below-title\",\"meta_element\":\"div\",\"link_text\":\"Pozrite si na\\u0161u pr\\u00e1cu\",\"link_style\":\"danger\",\"margin\":\"default\",\"slideshow_autoplay\":true,\"slideshow_height\":\"percent\",\"slideshow_animation\":\"scale\",\"slideshow_autoplay_interval\":\"4\",\"slideshow_kenburns\":\"\",\"slidenav_large\":true,\"slideshow_max_height\":\"750\",\"slideshow_velocity\":\"0.5\",\"overlay_margin\":\"large\"},\"children\":[{\"type\":\"slideshow_item\",\"props\":{\"image\":\"wp-content\\\/uploads\\\/2022\\\/12\\\/Q3A4013.jpg\"}},{\"type\":\"slideshow_item\",\"props\":{\"image\":\"wp-content\\\/uploads\\\/2022\\\/12\\\/Q3A3989-1.jpg\"}},{\"type\":\"slideshow_item\",\"props\":{\"image\":\"wp-content\\\/uploads\\\/2022\\\/12\\\/Q3A4003-2.jpg\"}},{\"type\":\"slideshow_item\",\"props\":{\"image\":\"wp-content\\\/uploads\\\/2022\\\/12\\\/Q3A4091.jpg\"}},{\"type\":\"slideshow_item\",\"props\":{\"image\":\"wp-content\\\/uploads\\\/2022\\\/12\\\/Q3A4362.jpg\"}},{\"type\":\"slideshow_item\",\"props\":{\"image\":\"wp-content\\\/uploads\\\/2022\\\/12\\\/Q3A4385-1.jpg\"}},{\"type\":\"slideshow_item\",\"props\":{\"image\":\"wp-content\\\/uploads\\\/2022\\\/12\\\/Q3A4316-1.jpg\"}},{\"type\":\"slideshow_item\",\"props\":{\"image\":\"wp-content\\\/uploads\\\/2021\\\/08\\\/hero_Q3A1383.jpg\",\"link\":\"\"}},{\"type\":\"slideshow_item\",\"props\":{\"image\":\"wp-content\\\/uploads\\\/2021\\\/08\\\/hero_Q3A1400.jpg\",\"link\":\"\"}},{\"type\":\"slideshow_item\",\"props\":{\"image\":\"wp-content\\\/uploads\\\/2021\\\/08\\\/hero_Q3A1469.jpg\",\"link\":\"\"}},{\"type\":\"slideshow_item\",\"props\":{\"image\":\"wp-content\\\/uploads\\\/2021\\\/08\\\/hero_Q3A1563.jpg\",\"link\":\"\"}},{\"type\":\"slideshow_item\",\"props\":{\"image\":\"wp-content\\\/uploads\\\/2021\\\/08\\\/hero_Q3A1639.jpg\",\"link\":\"\"}},{\"type\":\"slideshow_item\",\"props\":{\"image\":\"wp-content\\\/uploads\\\/2021\\\/08\\\/hero_Q3A1690.jpg\",\"link\":\"\"}}]}]}]}]},{\"type\":\"section\",\"props\":{\"style\":\"muted\",\"width\":\"small\",\"vertical_align\":\"middle\",\"title_position\":\"top-left\",\"title_rotation\":\"left\",\"title_breakpoint\":\"xl\",\"image_position\":\"center-center\",\"overlap\":false,\"padding_remove_horizontal\":false},\"children\":[{\"type\":\"row\",\"children\":[{\"type\":\"column\",\"props\":{\"image_position\":\"center-center\",\"media_overlay_gradient\":\"\",\"position_sticky_breakpoint\":\"m\"},\"children\":[{\"type\":\"grid\",\"props\":{\"show_title\":true,\"show_meta\":false,\"show_content\":false,\"show_image\":true,\"show_link\":false,\"grid_default\":\"2\",\"grid_medium\":\"3\",\"filter_style\":\"tab\",\"filter_all\":true,\"filter_position\":\"top\",\"filter_align\":\"left\",\"filter_grid_width\":\"auto\",\"filter_grid_breakpoint\":\"m\",\"title_hover_style\":\"reset\",\"title_element\":\"div\",\"title_align\":\"top\",\"title_grid_width\":\"1-2\",\"title_grid_breakpoint\":\"m\",\"meta_style\":\"meta\",\"meta_align\":\"below-title\",\"meta_element\":\"div\",\"content_column_breakpoint\":\"m\",\"icon_width\":80,\"image_align\":\"bottom\",\"image_grid_width\":\"1-2\",\"image_grid_breakpoint\":\"m\",\"image_svg_color\":\"emphasis\",\"link_text\":\"Read more\",\"link_style\":\"default\",\"margin\":\"default\",\"item_animation\":true,\"grid_column_align\":true,\"grid_row_align\":false,\"grid_large\":\"6\",\"grid_xlarge\":\"6\",\"grid_small\":\"3\",\"text_align\":\"center\",\"image_height\":\"80\",\"title_font_family\":\"primary\",\"margin_remove_top\":false,\"margin_remove_bottom\":false},\"children\":[{\"type\":\"grid_item\",\"props\":{\"image\":\"wp-content\\\/uploads\\\/2021\\\/08\\\/kitchen.svg\",\"title\":\"Kuchyne na mieru\"}},{\"type\":\"grid_item\",\"props\":{\"image\":\"wp-content\\\/uploads\\\/2021\\\/08\\\/wardrobe.svg\",\"title\":\"Vstavan\\u00e9 skrine\"}},{\"type\":\"grid_item\",\"props\":{\"image\":\"wp-content\\\/uploads\\\/2021\\\/08\\\/tv-table.svg\",\"title\":\"Interi\\u00e9rov\\u00fd n\\u00e1bytok\"}},{\"type\":\"grid_item\",\"props\":{\"image\":\"wp-content\\\/uploads\\\/2021\\\/08\\\/sink.svg\",\"title\":\"K\\u00fape\\u013e\\u0148ov\\u00fd n\\u00e1bytok\"}},{\"type\":\"grid_item\",\"props\":{\"image\":\"wp-content\\\/uploads\\\/2021\\\/08\\\/bar.svg\",\"title\":\"Nebytov\\u00e9 interi\\u00e9ry\"}},{\"type\":\"grid_item\",\"props\":{\"image\":\"wp-content\\\/uploads\\\/2021\\\/08\\\/slovakia.svg\",\"title\":\"Slovensk\\u00fd v\\u00fdrobok\"}}]},{\"type\":\"button\",\"props\":{\"grid_column_gap\":\"small\",\"grid_row_gap\":\"small\",\"margin\":\"medium\",\"text_align\":\"center\",\"margin_remove_top\":false,\"fullwidth\":false,\"margin_remove_bottom\":false},\"children\":[{\"type\":\"button_item\",\"props\":{\"button_style\":\"danger\",\"icon_align\":\"left\",\"link\":\"index.php\\\/nasa-praca\\\/\",\"link_title\":\"\",\"content\":\"Pozrite si na\\u0161u pr\\u00e1cu\",\"icon\":\"arrow-right\"}}]}]}]}]},{\"type\":\"section\",\"props\":{\"style\":\"default\",\"width\":\"\",\"vertical_align\":\"middle\",\"title_position\":\"top-left\",\"title_rotation\":\"left\",\"title_breakpoint\":\"xl\",\"image_position\":\"center-center\",\"overlap\":false,\"padding_remove_top\":true,\"padding_remove_bottom\":true,\"preserve_color\":false},\"children\":[{\"type\":\"row\",\"props\":{\"layout\":\"1-2,1-2\",\"padding_remove_horizontal\":false,\"margin_remove_top\":false,\"margin_remove_bottom\":false,\"match\":false,\"column_gap\":\"collapse\",\"row_gap\":\"collapse\"},\"children\":[{\"type\":\"column\",\"props\":{\"image_position\":\"center-center\",\"media_overlay_gradient\":\"\",\"width_medium\":\"1-2\",\"style\":\"primary\",\"preserve_color\":true,\"width_default\":\"\",\"width_large\":\"\",\"image\":\"\",\"position_sticky_breakpoint\":\"m\"},\"children\":[{\"type\":\"headline\",\"props\":{\"title_element\":\"h1\",\"maxwidth\":\"xlarge\",\"block_align\":\"right\",\"content\":\"V\\u00fdroba kuch\\u00fd\\u0148<br \/>a n\\u00e1bytku na mieru\",\"margin\":\"medium\"}},{\"type\":\"text\",\"props\":{\"margin\":\"default\",\"column_breakpoint\":\"m\",\"margin_remove_top\":false,\"maxwidth\":\"xlarge\",\"block_align\":\"right\",\"content\":\"\n\n<p>Na\\u0161e z\\u00e1kazkov\\u00e9 stol\\u00e1rstvo vyr\\u00e1ba n\\u00e1bytky na mieru do dom\\u00e1cnosti aj do komer\\u010dn\\u00fdch priestorov pod\\u013ea va\\u0161ich predst\\u00e1v, n\\u00e1\\u0161ho n\\u00e1vrhu, alebo pod\\u013ea n\\u00e1vrhov v\\u00e1\\u0161ho interi\\u00e9rov\\u00e9ho dizajn\\u00e9ra. V\\u00fdroba n\\u00e1bytku prebieha v na\\u0161ej vlastnej stol\\u00e1rskej dielni v Ko\\u0161iciach a tak m\\u00e1me pln\\u00fa kontrolu nad kvalitou v\\u00fdroby a spo\\u013eahliv\\u00fdmi dod\\u00e1vkami. Samozrejmos\\u0165ou je dovoz n\\u00e1bytku k V\\u00e1m a n\\u00e1sledn\\u00e1 mont\\u00e1\\u017e.<\\\/p>\",\"attributes\":\"\"}},{\"type\":\"button\",\"props\":{\"grid_column_gap\":\"small\",\"grid_row_gap\":\"small\",\"margin\":\"medium\",\"maxwidth\":\"xlarge\",\"block_align\":\"right\"},\"children\":[{\"type\":\"button_item\",\"props\":{\"button_style\":\"danger\",\"icon_align\":\"left\",\"content\":\"Na\\u0161e slu\\u017eby\",\"link\":\"index.php\\\/sluzby\\\/\",\"link_title\":\"\\u010co vyr\\u00e1bame\",\"icon\":\"arrow-right\"}}]}]},{\"type\":\"column\",\"props\":{\"image_position\":\"center-center\",\"media_overlay_gradient\":\"\",\"width_medium\":\"1-2\",\"image\":\"wp-content\\\/uploads\\\/2021\\\/08\\\/objednajte-sa-na-konzultaciu.jpg\",\"media_overlay\":\"rgba(0, 0, 0, 0.74)\",\"image_size\":\"cover\",\"text_color\":\"light\",\"position_sticky_breakpoint\":\"m\"},\"children\":[{\"type\":\"headline\",\"props\":{\"title_element\":\"h1\",\"maxwidth\":\"xlarge\",\"margin\":\"medium\",\"content\":\"Objednajte sa<br \/>\\nna konzult\\u00e1ciu\"}},{\"type\":\"text\",\"props\":{\"margin\":\"default\",\"column_breakpoint\":\"m\",\"margin_remove_top\":false,\"maxwidth\":\"xlarge\",\"content\":\"\n\n<p>+421 905 181 383<\\\/p>\\n\n\n<p>skodysro@gmail.com<\\\/p>\\n\n\n<p>Alebo n\\u00e1m nap\\u00ed\\u0161te do \\u201e\\u010detu\\u201c<\\\/p>\",\"text_size\":\"large\"}}]}]}]},{\"type\":\"section\",\"props\":{\"style\":\"muted\",\"width\":\"default\",\"vertical_align\":\"middle\",\"title_position\":\"top-left\",\"title_rotation\":\"left\",\"title_breakpoint\":\"xl\",\"image_position\":\"center-center\",\"overlap\":false,\"padding_remove_horizontal\":false},\"children\":[{\"type\":\"row\",\"children\":[{\"type\":\"column\",\"props\":{\"image_position\":\"center-center\",\"media_overlay_gradient\":\"\",\"position_sticky_breakpoint\":\"m\"},\"children\":[{\"type\":\"grid\",\"props\":{\"show_title\":true,\"show_meta\":false,\"show_content\":false,\"show_image\":true,\"show_link\":false,\"grid_default\":\"2\",\"grid_medium\":\"4\",\"filter_style\":\"tab\",\"filter_all\":true,\"filter_position\":\"top\",\"filter_align\":\"left\",\"filter_grid_width\":\"auto\",\"filter_grid_breakpoint\":\"m\",\"title_hover_style\":\"reset\",\"title_element\":\"div\",\"title_align\":\"top\",\"title_grid_width\":\"1-2\",\"title_grid_breakpoint\":\"m\",\"meta_style\":\"meta\",\"meta_align\":\"below-title\",\"meta_element\":\"div\",\"content_column_breakpoint\":\"m\",\"icon_width\":80,\"image_align\":\"bottom\",\"image_grid_width\":\"1-2\",\"image_grid_breakpoint\":\"m\",\"image_svg_color\":\"emphasis\",\"link_text\":\"Read more\",\"link_style\":\"default\",\"margin\":\"default\",\"item_animation\":true,\"grid_column_align\":true,\"grid_row_align\":false,\"grid_large\":\"auto\",\"grid_xlarge\":\"auto\",\"grid_small\":\"4\",\"text_align\":\"center\",\"image_height\":\"80\",\"title_font_family\":\"primary\",\"grid_divider\":false,\"filter\":false,\"lightbox\":false,\"image_box_decoration_inverse\":false,\"attributes\":\"\"},\"children\":[{\"type\":\"grid_item\",\"props\":{\"image\":\"wp-content\\\/uploads\\\/2021\\\/08\\\/skonzultujeme.svg\",\"title\":\"1. Skonzultujeme\"}},{\"type\":\"grid_item\",\"props\":{\"image\":\"wp-content\\\/uploads\\\/2021\\\/08\\\/nacenime.svg\",\"title\":\"2. Nacen\\u00edme\"}},{\"type\":\"grid_item\",\"props\":{\"image\":\"wp-content\\\/uploads\\\/2021\\\/08\\\/zamerame.svg\",\"title\":\"3. Zamer\\u00e1me\"}},{\"type\":\"grid_item\",\"props\":{\"image\":\"wp-content\\\/uploads\\\/2021\\\/08\\\/navrhneme.svg\",\"title\":\"4. Navrhneme\"}},{\"type\":\"grid_item\",\"props\":{\"image\":\"wp-content\\\/uploads\\\/2021\\\/08\\\/vyrobime.svg\",\"title\":\"5. Vyrob\\u00edme\"}},{\"type\":\"grid_item\",\"props\":{\"image\":\"wp-content\\\/uploads\\\/2021\\\/08\\\/dovezieme.svg\",\"title\":\"6. Dovezieme\"}},{\"type\":\"grid_item\",\"props\":{\"image\":\"wp-content\\\/uploads\\\/2021\\\/08\\\/namontujeme.svg\",\"title\":\"7. Namontujeme\"}},{\"type\":\"grid_item\",\"props\":{\"image\":\"wp-content\\\/uploads\\\/2021\\\/08\\\/servisujeme.svg\",\"title\":\"8. Zoservisujeme\"}}]},{\"type\":\"button\",\"props\":{\"grid_column_gap\":\"small\",\"grid_row_gap\":\"small\",\"margin\":\"medium\",\"text_align\":\"center\",\"margin_remove_top\":false,\"fullwidth\":false,\"margin_remove_bottom\":false},\"children\":[{\"type\":\"button_item\",\"props\":{\"button_style\":\"danger\",\"icon_align\":\"left\",\"link\":\"wp-content\\\/uploads\\\/2021\\\/08\\\/info-k-montazi-nabytku.pdf\",\"link_title\":\"\",\"content\":\"Inform\\u00e1cia k mont\\u00e1\\u017ei n\\u00e1bytku\",\"icon\":\"arrow-right\"}}]}]}]}]},{\"type\":\"section\",\"props\":{\"style\":\"default\",\"width\":\"\",\"vertical_align\":\"middle\",\"title_position\":\"top-left\",\"title_rotation\":\"left\",\"title_breakpoint\":\"xl\",\"image_position\":\"center-center\",\"padding\":\"none\"},\"children\":[{\"type\":\"row\",\"props\":{\"margin_remove_top\":false,\"margin_remove_bottom\":false,\"match\":false},\"children\":[{\"type\":\"column\",\"props\":{\"image_position\":\"center-center\",\"media_overlay_gradient\":\"\",\"position_sticky_breakpoint\":\"m\"},\"children\":[{\"type\":\"slideshow\",\"props\":{\"show_title\":false,\"show_meta\":false,\"show_content\":false,\"show_link\":false,\"show_thumbnail\":false,\"slideshow_min_height\":\"350\",\"slideshow_autoplay_pause\":false,\"nav\":\"dotnav\",\"nav_position\":\"bottom-center\",\"nav_position_margin\":\"medium\",\"nav_align\":\"center\",\"nav_breakpoint\":\"s\",\"thumbnav_width\":\"100\",\"thumbnav_height\":\"75\",\"thumbnav_svg_color\":\"emphasis\",\"slidenav\":\"default\",\"slidenav_margin\":\"medium\",\"slidenav_breakpoint\":\"s\",\"slidenav_outside_breakpoint\":\"xl\",\"overlay_position\":\"center-left\",\"overlay_animation\":\"parallax\",\"title_element\":\"h3\",\"meta_style\":\"meta\",\"meta_align\":\"below-title\",\"meta_element\":\"div\",\"link_text\":\"Read more\",\"link_style\":\"default\",\"margin\":\"default\",\"slideshow_autoplay\":true,\"slideshow_height\":\"\",\"slideshow_animation\":\"scale\",\"slideshow_autoplay_interval\":\"4\",\"slideshow_kenburns\":\"\",\"slidenav_large\":true,\"slideshow_max_height\":\"650\",\"slideshow_velocity\":\"0.5\"},\"children\":[{\"type\":\"slideshow_item\",\"props\":{\"image\":\"wp-content\\\/uploads\\\/2021\\\/08\\\/Q3A1810.jpg\"}},{\"type\":\"slideshow_item\",\"props\":{\"image\":\"wp-content\\\/uploads\\\/2021\\\/08\\\/Q3A1825.jpg\"}},{\"type\":\"slideshow_item\",\"props\":{\"image\":\"wp-content\\\/uploads\\\/2021\\\/08\\\/Q3A1817.jpg\"}},{\"type\":\"slideshow_item\",\"props\":{\"image\":\"wp-content\\\/uploads\\\/2021\\\/08\\\/Q3A1841.jpg\"}},{\"type\":\"slideshow_item\",\"props\":{\"image\":\"wp-content\\\/uploads\\\/2021\\\/08\\\/Q3A1842.jpg\"}},{\"type\":\"slideshow_item\",\"props\":{\"image\":\"wp-content\\\/uploads\\\/2021\\\/08\\\/Q3A1843.jpg\"}}]}]}]}]},{\"type\":\"section\",\"props\":{\"style\":\"muted\",\"width\":\"small\",\"vertical_align\":\"middle\",\"title_position\":\"top-left\",\"title_rotation\":\"left\",\"title_breakpoint\":\"xl\",\"image_position\":\"center-center\",\"overlap\":false,\"padding_remove_horizontal\":false},\"children\":[{\"type\":\"row\",\"children\":[{\"type\":\"column\",\"props\":{\"image_position\":\"center-center\",\"media_overlay_gradient\":\"\",\"position_sticky_breakpoint\":\"m\"},\"children\":[{\"type\":\"headline\",\"props\":{\"title_element\":\"h2\",\"content\":\"Rodinn\\u00e1 trad\\u00edcia\",\"title_style\":\"h2\",\"margin\":\"medium\"}},{\"type\":\"text\",\"props\":{\"margin\":\"default\",\"column_breakpoint\":\"m\",\"content\":\"\n\n<p>\\u201eSme rodinn\\u00e1 firma, ktor\\u00e1 sa zaober\\u00e1 v\\u00fdrobou n\\u00e1bytku na mieru od roku 1990. Odvtedy sme zariadili stovky interi\\u00e9rov. Na\\u0161\\u00edm poslan\\u00edm je vyr\\u00e1ba\\u0165 n\\u00e1bytok, ktor\\u00fd sp\\u013a\\u0148a estetick\\u00e9 aj ergonomick\\u00e9 po\\u017eiadavky v kombin\\u00e1ci\\u00ed s priestorov\\u00fdmi a taktie\\u017e finan\\u010dn\\u00fdmi mo\\u017enos\\u0165ami z\\u00e1kazn\\u00edka. Radi V\\u00e1m pom\\u00f4\\u017eeme navrhn\\u00fa\\u0165 a vyrobi\\u0165 zariadenie do bytu, domu, kancel\\u00e1rie, prev\\u00e1dzky. V\\u00fdrobu realizujeme vo vlastnej stol\\u00e1rskej dielni v Ko\\u0161iciach na modernom strojovom vybaven\\u00ed.\\u201c<\\\/p>\"}},{\"type\":\"image\",\"props\":{\"margin\":\"medium\",\"image_svg_color\":\"emphasis\",\"image\":\"wp-content\\\/uploads\\\/2021\\\/08\\\/peterskody.png\",\"image_width\":\"170\",\"image_alt\":\"\",\"margin_remove_bottom\":true}},{\"type\":\"text\",\"props\":{\"margin\":\"default\",\"column_breakpoint\":\"m\",\"content\":\"\n\n<p><strong>Peter \\u0160kody \\u2014 zakladate\\u013e<\\\/strong><\\\/p>\",\"text_style\":\"meta\",\"margin_remove_top\":false}}]}]}]}],\"version\":\"2.7.22\"} --><\/p>\n","protected":false},"excerpt":{"rendered":"<p>Kuchyne na mieru Vstavan\u00e9 skrine Interi\u00e9rov\u00fd n\u00e1bytok K\u00fape\u013e\u0148ov\u00fd n\u00e1bytok Nebytov\u00e9 interi\u00e9ry Slovensk\u00fd v\u00fdrobok Pozrite si na\u0161u pr\u00e1cu V\u00fdroba kuch\u00fd\u0148a n\u00e1bytku na mieru Na\u0161e z\u00e1kazkov\u00e9 stol\u00e1rstvo vyr\u00e1ba n\u00e1bytky na mieru do dom\u00e1cnosti aj do komer\u010dn\u00fdch priestorov pod\u013ea va\u0161ich predst\u00e1v, n\u00e1\u0161ho n\u00e1vrhu, alebo pod\u013ea n\u00e1vrhov v\u00e1\u0161ho interi\u00e9rov\u00e9ho dizajn\u00e9ra. V\u00fdroba n\u00e1bytku prebieha v na\u0161ej vlastnej stol\u00e1rskej dielni v [&hellip;]<\/p>\n","protected":false},"author":1,"featured_media":0,"parent":0,"menu_order":0,"comment_status":"closed","ping_status":"closed","template":"","meta":{"footnotes":""},"class_list":["post-18","page","type-page","status-publish","hentry"],"_links":{"self":[{"href":"https:\/\/www.skody-nabytok.sk\/index.php\/wp-json\/wp\/v2\/pages\/18","targetHints":{"allow":["GET"]}}],"collection":[{"href":"https:\/\/www.skody-nabytok.sk\/index.php\/wp-json\/wp\/v2\/pages"}],"about":[{"href":"https:\/\/www.skody-nabytok.sk\/index.php\/wp-json\/wp\/v2\/types\/page"}],"author":[{"embeddable":true,"href":"https:\/\/www.skody-nabytok.sk\/index.php\/wp-json\/wp\/v2\/users\/1"}],"replies":[{"embeddable":true,"href":"https:\/\/www.skody-nabytok.sk\/index.php\/wp-json\/wp\/v2\/comments?post=18"}],"version-history":[{"count":157,"href":"https:\/\/www.skody-nabytok.sk\/index.php\/wp-json\/wp\/v2\/pages\/18\/revisions"}],"predecessor-version":[{"id":568,"href":"https:\/\/www.skody-nabytok.sk\/index.php\/wp-json\/wp\/v2\/pages\/18\/revisions\/568"}],"wp:attachment":[{"href":"https:\/\/www.skody-nabytok.sk\/index.php\/wp-json\/wp\/v2\/media?parent=18"}],"curies":[{"name":"wp","href":"https:\/\/api.w.org\/{rel}","templated":true}]}}